a - a**2 - a + 7 + t*a. Let c be -1 + 1 + 2 + -2. What is d(c)?
7
Let t(l) = -l**3 + 7*l**2 - 7*l. Suppose 4*h + 0*h - 16 = 0. Suppose -h*u = -9*u. Let a be -3*2*(u - 1). Calculate t(a).
-6
Let t = -12 + 16. Let v = 5 - t. Let w(b) = -4*b - 1. Calculate w(v).
-5
Let w be (-3)/1*(-4)/(-6). Let r be 1/w - 3/2. Let t(k) = k**2 + 3*k. Calculate t(r).
-2
Let b(h) = 2*h**3 - 7*h**2 - 20*h + 12. Let u(x) = x**3 - 3*x**2 - 10*x + 6. Let f(d) = 3*b(d) - 5*u(d). Calculate f(7).
-15
Let u(c) = -3 + 2*c + 2*c**3 + 4*c**3 - c**3 + 4 + c**2. Let s = 2 + -3. Determine u(s).
-5
Let v(m) = m**3 + 3*m**2 + 4*m + 3. Suppose 0 = 9*a - 8*a + 3. Determine v(a).
-9
Let h(y) = -y**2 + 7*y. Suppose 2*u - 11 = 1. What is h(u)?
6
Let t(a) = a + 1 - 2*a + 10*a. Let c(l) = l**3 + 4*l**2 - 3*l + 5. Let m be c(-4). Let b = m + -18. Give t(b).
-8
Let k(b) = -22 - 19 - 15 - 2*b + 53. Calculate k(6).
-15
Let b(k) = -5*k**2 - k**2 - 8 + 3*k - 2*k**3 + k**3 - 5*k. Suppose -3*p - 10 = -4*t, 2*p = -3*p + 2*t - 26. Give b(p).
4
Let r(b) = -b**2 - 6*b - 5. Suppose 3*o = 2*o. Let n = -4 + o. What is r(n)?
3
Let u be ((-8)/1)/((-2)/(-2)). Let d = u + 13. Let j(i) = -i - 1. Give j(d).
-6
Let s(z) be the first derivative of z**3/3 + 13. Determine s(-2).
4
Suppose 2*a - a = 0. Let c(i) be the third derivative of -i**6/120 + i**5/60 + i**4/24 - i**3/6 + 96*i**2. Determine c(a).
-1
Let m = 2/3 + -7/12. Let g(s) be the second derivative of 0*s**3 - 3*s**2 - m*s**4 + 2*s + 0. Calculate g(0).
-6
Let f(b) = -2*b + 25. Suppose -2*j = 4 + 8. Let c(m) = m - 12. Let z(k) = j*f(k) - 13*c(k). Calculate z(5).
1
Suppose -6 = -16*t + 14*t. Let s(r) = -2*r**2 + 1. Determine s(t).
-17
Let l(y) = -y**2 + y + 3. Let m(t) = 3*t**2 - t - 7. Let s(u) = -7*l(u) - 3*m(u). Let z = -1 + 3. Suppose z*i + 3 + 3 = 0. What is s(i)?
-6
Suppose 2*g = 4*b - 14, b - 3 + 2 = 0. Let t(o) = o**3 + 6*o**2 + 3*o - 6. Determine t(g).
4
Let l(s) = -2*s**2 - s. Let p be l(-2). Let a(h) = 3*h**2 + 21*h - 2. Let f(q) = -q**2 - 7*q + 1. Let d(n) = p*a(n) - 17*f(n). What is d(-6)?
1
Let a(j) = j - 1 - 4*j**3 - 5*j**3 - 2*j + j**2. Let x = 26 + -10. Let o = x - 17. Calculate a(o).
10
Let f(m) be the first derivative of -m**3 + 3*m**2/2 + 2*m + 1. Let x(j) = -2*j**2 + 2*j + 1. Let t(l) = 3*f(l) - 5*x(l). Calculate t(0).
1
Let q(w) = 22 + 27 - 2*w - 40. Calculate q(7).
-5
Let h(z) be the third derivative of z**6/120 + z**4/24 - z**3/6 + 28*z**2. Calculate h(2).
9
Let o(c) = c**2 + 0*c**2 + 1 + 2*c**2 - 7*c. Let j(u) = -u**2 + u - 1. Let i(z) = 2*j(z) + o(z). Determine i(5).
-1
Let y(l) be the third derivative of -l**8/20160 - l**7/840 - 7*l**6/720 + l**5/20 + 4*l**2. Let c(z) be the third derivative of y(z). Determine c(-6).
-7
Suppose -i - 2*i = 0. Let m = -4 - i. Let g be (-10)/4*m/5. Let d(z) = -z**2 + 2*z + 2. Calculate d(g).
2
Suppose 2*y = 2 + 2. Let t(g) = -2 + 5*g**2 - 3*g + 0*g**y + g**3 + 0 - 4*g. Give t(-6).
4
Let w(t) = -3 - 2 + 4 - 3*t. What is w(2)?
-7
Let j(q) = -q**3 - 4*q**2 + q + 2. Let g be (-1136)/(-72) + 4/18. Suppose 4*u - g = 8*u. Calculate j(u).
-2
Suppose 4 = -4*g + 6*g. Let o(m) = -5*m**2 + m - 2. Let q(b) = -4*b**2 + b - 1. Let h(u) = -2*o(u) + 3*q(u). Determine h(g).
-5
Let d(m) = m - 5. Let p be 2/4 + 2/(-4). Determine d(p).
-5
Let q(s) = 3*s. Suppose -4*x - 2*v + 0*v = -8, -2*v = 3*x - 6. Suppose -8 = -x*l + 3*l. Let t be ((-2)/(-2))/((-8)/l). What is q(t)?
3
Let g(q) = -q**3 - 5*q**2 - 3. Suppose 0 = -3*o - 1 - 2. Let z be o/(-2)*0/(-1). Suppose z = -2*n + 5*r - 35, 0 = 3*n + 2*n + 2*r + 15. Determine g(n).
-3
Let r(n) be the first derivative of 3*n**4/4 + n**3/3 + n**2/2 + 1. Suppose 0*v - 2*v + 6 = -4*a, 4*v - 9 = 5*a. What is r(a)?
-3
Suppose -y = 3*h - 5, -3*y + 12 = 5*h - 5*y. Let a(d) = 4*d**2 - 3*d**2 + 5*d + 5 - 5*d**h + 3*d**2. Give a(5).
5
Let w(k) = -4*k - 1. Let d(u) = -4*u - 1. Let v(p) = 3*d(p) - 4*w(p). Let s = 50 + -49. Calculate v(s).
5
Let n = -28 - -25. Let x(h) = -2*h - 1. Give x(n).
5
Let z = -13 + 16. Suppose -24 = -k - z*k. Let n(a) = a + 5. What is n(k)?
11
Let o(t) = t**3 + 3*t**2 + t - 1. Suppose 0*s - 36 = 4*s. Let d = -2 + 8. Let a = s + d. Determine o(a).
-4
Let j(n) = -n**3 - 9*n**2 + 10*n + 4. Let t be j(-10). Let z(m) = 4*m + 16. Let c(i) = -2 - 9 + i - 4*i. Let w(q) = -7*c(q) - 5*z(q). Determine w(t).
1
Let r(k) = 0 - 4 - k + 4. Let p(v) = -2*v - 1. Let z(u) = 4*p(u) - 10*r(u). What is z(5)?
6
Let r(l) = 4*l - 1. Let x(d) = d - 1. Let b(s) = r(s) - 2*x(s). Give b(-2).
-3
Let c(t) = -t + 4. Suppose -d = -5 + 8. Let p = 21 - 13. Let s be p/d*9/(-6). Determine c(s).
0
Let y(u) = -u**2 - 8*u + 2. Suppose -3*w + 4 = -4*w. Let l(m) = -3*m**2 - 23*m + 7. Let j(a) = w*l(a) + 11*y(a). Calculate j(-5).
-1
Let t = -8 - -15. Let l = t + -8. Let w(f) = 7*f**2. Determine w(l).
7
Let l(x) = -x**2 + 7*x - 5. Let j = 36 - 31. Determine l(j).
5
Let j(x) = x - 3. Let m be j(0). Let t be (-20)/(-6) - (-1)/m. Let n(b) = 2*b - 3. Let a(y) = y - 2. Let q(i) = -5*a(i) + 2*n(i). What is q(t)?
1
Let l(y) = y**2 - 9*y - 2. Let g(z) = z. Let v(t) = -4*g(t) - l(t). Calculate v(7).
-12
Let x(m) = -13 + 12 - m**2 - 8*m + 4*m + m. Give x(-5).
-11
Let q(k) be the first derivative of k**6/120 + k**5/60 - k**3/6 - k**2 - 4. Let u(s) be the second derivative of q(s). What is u(1)?
1
Let g(k) = -5*k. Let l be -6 - (3 + -7) - -3. Determine g(l).
-5
Let a(t) = -3*t - 6. Let n = -25 + 21. Calculate a(n).
6
Suppose -3*q - 24 = -6. Let h(r) = r - 1. Determine h(q).
-7
Let p(w) = w**2 - 8. Let z(j) = -j**2 + 9. Let a(o) = -5*p(o) - 4*z(o). Suppose -v - 3*v - 4*g = 0, 27 = -4*v + 5*g. Determine a(v).
-5
Let m(g) = 3*g**2 - 1. Let t be m(-1). Let y(w) = 1 - 2*w + 4*w**3 + 7*w**2 - 2*w**2 - 5*w**3. What is y(t)?
9
Let j be (2 + -4)/(2/(-4)). Let d(t) = j + 2*t - 3 - 7*t - 2. Give d(-1).
4
Suppose -11*a = -13*a + 8. Let p(n) = -n**3 + 5*n**2 - 6*n + 4. What is p(a)?
-4
Let f(v) be the first derivative of v**3/3 - v + 1. Let x(b) = b + 12. Let k be x(-7). Let r = 4 - k. Determine f(r).
0
Let p(w) = -4*w**2 + 3*w - 2. Let v(l) = l**2 - l. Let a(i) = p(i) + 5*v(i). Suppose -h - 3*h = -12. What is a(h)?
1
Let k(c) = 1 + c**3 + 4 + 4 - c. Suppose 0 = -f - 3*f + d + 50, -2*f = -5*d - 34. Let t be f/(-28) + (-12)/(-28). Determine k(t).
9
Let y(g) = -4*g**3 + 9*g**2 + 5. Let h(j) = -j**3 + 2*j**2 + 1. Let d(z) = 9*h(z) - 2*y(z). Let v = 13 + -13. What is d(v)?
-1
Let i(o) be the third derivative of 0 - 2*o**2 + 1/8*o**4 - 1/6*o**3 + 0*o. Calculate i(3).
8
Let y(n) = -4*n - 23. Let p be y(-6). Let u(r) = -10*r**3 - r**2 + 1. Give u(p).
-10
Let k be 21/3 + (-2 - -2). Suppose -2*w + k = 3*y, -w + 2 = 5*y - 12. Let f(g) = g**3 - 3*g**2 - 2*g - 3. Determine f(y).
-9
Let d(c) be the second derivative of -c**4/12 - 2*c**3/3 + c**2 - 5*c. Determine d(-4).
2
Let r = 3 + 1. Let f(i) be the third derivative of -i**6/120 + i**5/20 + 5*i**4/24 - i**3/3 + 4*i**2. Give f(r).
2
Let s(i) = -3*i**3 + i**2 - i + 1. Let d = -28 - -29. Determine s(d).
-2
Let p(a) be the first derivative of a**5/120 - 2*a**3/3 + 1. Let r(z) be the third derivative of p(z). Suppose 0*h + 4*u + 2 = 3*h, 0 = 2*h - u - 3. Give r(h).
2
Suppose 4*s + 2 = 22. Let l(v) = 1 + 5*v + 4*v**2 + 0*v**2 + 5 - v**3. What is l(s)?
6
Let o be (-2)/6 - (-22)/(-6). Let x = 4 + o. Let k(s) be the third derivative of -s**5/60 - s**4/24 + s**3/3 + 2*s**2. Calculate k(x).
2
Let z(m) = -m**2 - 5*m - 2. Let f(x) = -x**2 - 2*x - 2. Let k be f(-4). Let g(a) = a**2 + 9*a - 13. Let i be g(k). Give z(i).
4
Let d(f) = f. Let g(u) = u - 7. Let t(w) = 2*d(w) - g(w). Calculate t(-3).
4
Let q be (-24)/(-9) - (-8)/(-12). Let i(g) be the second derivative of 1/6*g**3 + 0 + 0*g**q - 2*g. Give i(-5).
-5
Let c(y) = 2 + y - 3 - 1. Suppose 0 = 4*n - 5*v, -n - 24 = 3*v - 7. Give c(n).
-7
Let k = 15 + -22. Let l(r) = -r**2 - 5*r + 1. Give l(k).
-13
Let i be (2/(-2))/((-10)/(-70)). Let v(n) = -n - 10. Determine v(i).
-3
Suppose -22 = 2*w - 30. Let h(j) = -j**2 + 5*j + 1. Give h(w).
5
Let m(g) = -2*g - 3. Let h be m(-3). Suppose -11 = -b + 6*t - 3*t, -3*t = h*b + 3. Let f(j) = -b + 4*j**2 - 6*j - j + j**3 + 6*j. What is f(-3)?
10
Let f(h) = -h**3 - 4*h**2 + 7*h + 6. Suppose 14 = -x - 3*w, -12 = 2*x + 2*w + 4. Determine f(x).
-4
Let s(d) = 16*d**2 - d - 1. Suppose 3*u + 3 = 0, 3*m + 2*u - u + 4 = 0. Determi